{"id":556,"date":"2019-04-21T06:38:28","date_gmt":"2019-04-21T06:38:28","guid":{"rendered":"http:\/\/demo.sparklewpthemes.com\/constructionlight\/?page_id=556"},"modified":"2025-05-04T04:24:20","modified_gmt":"2025-05-04T04:24:20","slug":"our-services","status":"publish","type":"page","link":"https:\/\/arpetp.com.do\/?page_id=556","title":{"rendered":"Our Services"},"content":{"rendered":"<div id=\"pl-gb556-69dfe0f010f74\"  class=\"panel-layout\" ><div id=\"pg-gb556-69dfe0f010f74-0\"  class=\"panel-grid panel-no-style\" ><div id=\"pgc-gb556-69dfe0f010f74-0-0\"  class=\"panel-grid-cell\" ><div id=\"panel-gb556-69dfe0f010f74-0-0-0\" class=\"so-panel widget widget_construction_light_service panel-first-child panel-last-child\" data-index=\"0\" >            \r\n                <section class=\"cons_light_feature layout_one\">\r\n                    <div class=\"container\">\r\n\r\n                                    <div class=\"row\">\n\n                <div class=\"col-lg-12 col-sm-12 col-xs-12\">\n\n                    \n                        <h2 class=\"section-title\">Our Best Quality Services<\/h2>\n\n                    \n                            <div class=\"section-tagline\">Desde la concepci\u00f3n hasta la ejecuci\u00f3n, entregamos proyectos con los m\u00e1s altos est\u00e1ndares, donde la precisi\u00f3n y la atenci\u00f3n meticulosa son la base de nuestro trabajo.<\/div>\n\n                    \n                <\/div>\n\n            <\/div>\n        \r\n                        <div class=\"row\">\r\n                                                            <div class=\"col-lg-4 col-md-4 col-sm-6 col-xs-12 feature-list\">\r\n                                    <div class=\"box\">\r\n                                        <figure>\r\n                                            <a href=\"https:\/\/arpetp.com.do\/?page_id=412\"><img fetchpriority=\"high\" decoding=\"async\" width=\"350\" height=\"280\" src=\"https:\/\/arpetp.com.do\/wp-content\/uploads\/2025\/05\/plano.de_.casa_.de_.4.dormitorios.22-350x280.png\" class=\"attachment-construction-light-medium size-construction-light-medium wp-post-image\" alt=\"\" \/><\/a>\r\n                                        <\/figure>\r\n\r\n                                        <div class=\"bottom-content\">\r\n                                            <h3><a href=\"https:\/\/arpetp.com.do\/?page_id=412\">Dise\u00f1os de planos de Construcci\u00f3n<\/a><\/h3>\r\n                                            <p>Dise\u00f1o de planos de construcci\u00f3n se refiere al proceso de crearrepresentaciones gr\u00e1ficas detalladas que muestran c\u00f3mo se debe construir unaobra. Estos planos son esenciales para&hellip;<\/p>\n                                                <a href=\"https:\/\/arpetp.com.do\/?page_id=412\" class=\"btn btn-primary\">Leer m\u00e1s<i class=\"fas fa-arrow-right\"><\/i><\/a>\r\n                                                                                    <\/div>\r\n                                    <\/div>\r\n                                <\/div>\r\n                                                            <div class=\"col-lg-4 col-md-4 col-sm-6 col-xs-12 feature-list\">\r\n                                    <div class=\"box\">\r\n                                        <figure>\r\n                                            <a href=\"https:\/\/arpetp.com.do\/?page_id=406\"><img decoding=\"async\" width=\"350\" height=\"280\" src=\"https:\/\/arpetp.com.do\/wp-content\/uploads\/2025\/05\/estudibasic-tour-virtual-de-interiores-3d-02-350x280.jpg\" class=\"attachment-construction-light-medium size-construction-light-medium wp-post-image\" alt=\"\" \/><\/a>\r\n                                        <\/figure>\r\n\r\n                                        <div class=\"bottom-content\">\r\n                                            <h3><a href=\"https:\/\/arpetp.com.do\/?page_id=406\">Dise\u00f1o 3D y recorrido virtual<\/a><\/h3>\r\n                                            <p>Dise\u00f1o 3D:Es el proceso de crear representaciones tridimensionales (ancho, alto yprofundidad) de objetos o espacios usando programas de computadora. En elcontexto de arquitectura, construcci\u00f3n o&hellip;<\/p>\n                                                <a href=\"https:\/\/arpetp.com.do\/?page_id=406\" class=\"btn btn-primary\">Leer m\u00e1s<i class=\"fas fa-arrow-right\"><\/i><\/a>\r\n                                                                                    <\/div>\r\n                                    <\/div>\r\n                                <\/div>\r\n                                                            <div class=\"col-lg-4 col-md-4 col-sm-6 col-xs-12 feature-list\">\r\n                                    <div class=\"box\">\r\n                                        <figure>\r\n                                            <a href=\"https:\/\/arpetp.com.do\/?page_id=416\"><img decoding=\"async\" width=\"350\" height=\"280\" src=\"https:\/\/arpetp.com.do\/wp-content\/uploads\/2025\/05\/informe-direccion-proyectos-plan-350x280.jpg\" class=\"attachment-construction-light-medium size-construction-light-medium wp-post-image\" alt=\"\" \/><\/a>\r\n                                        <\/figure>\r\n\r\n                                        <div class=\"bottom-content\">\r\n                                            <h3><a href=\"https:\/\/arpetp.com.do\/?page_id=416\">Tramitaci\u00f3n de Proyectos<\/a><\/h3>\r\n                                            <p>&#8220;Tramitaci\u00f3n de Proyectos&#8221; se refiere al conjunto de gestiones, procedimientosy pasos administrativos necesarios para obtener las autorizaciones, permisos oaprobaciones que permitan ejecutar un proyecto de&hellip;<\/p>\n                                                <a href=\"https:\/\/arpetp.com.do\/?page_id=416\" class=\"btn btn-primary\">Leer m\u00e1s<i class=\"fas fa-arrow-right\"><\/i><\/a>\r\n                                                                                    <\/div>\r\n                                    <\/div>\r\n                                <\/div>\r\n                                                            <div class=\"col-lg-4 col-md-4 col-sm-6 col-xs-12 feature-list\">\r\n                                    <div class=\"box\">\r\n                                        <figure>\r\n                                            <a href=\"https:\/\/arpetp.com.do\/?page_id=126\"><img loading=\"lazy\" decoding=\"async\" width=\"350\" height=\"280\" src=\"https:\/\/arpetp.com.do\/wp-content\/uploads\/2025\/05\/Construccion-350x280.jpg\" class=\"attachment-construction-light-medium size-construction-light-medium wp-post-image\" alt=\"\" \/><\/a>\r\n                                        <\/figure>\r\n\r\n                                        <div class=\"bottom-content\">\r\n                                            <h3><a href=\"https:\/\/arpetp.com.do\/?page_id=126\">Construcci\u00f3n de Edificaciones de hormig\u00f3n, estructurasMet\u00e1licas y Estructuras mixtas.<\/a><\/h3>\r\n                                            <p>Construcci\u00f3n de Edificaciones de Hormig\u00f3n:Es el proceso de construir edificios cuya estructura principal (cimientos,columnas, vigas, losas) est\u00e1 hecha de hormig\u00f3n armado (una mezcla decemento, agua,&hellip;<\/p>\n                                                <a href=\"https:\/\/arpetp.com.do\/?page_id=126\" class=\"btn btn-primary\">Leer m\u00e1s<i class=\"fas fa-arrow-right\"><\/i><\/a>\r\n                                                                                    <\/div>\r\n                                    <\/div>\r\n                                <\/div>\r\n                                                            <div class=\"col-lg-4 col-md-4 col-sm-6 col-xs-12 feature-list\">\r\n                                    <div class=\"box\">\r\n                                        <figure>\r\n                                            <a href=\"https:\/\/arpetp.com.do\/?page_id=383\"><img loading=\"lazy\" decoding=\"async\" width=\"350\" height=\"280\" src=\"https:\/\/arpetp.com.do\/wp-content\/uploads\/2025\/05\/nave-industrial-350x280.jpg\" class=\"attachment-construction-light-medium size-construction-light-medium wp-post-image\" alt=\"\" \/><\/a>\r\n                                        <\/figure>\r\n\r\n                                        <div class=\"bottom-content\">\r\n                                            <h3><a href=\"https:\/\/arpetp.com.do\/?page_id=383\">Construcci\u00f3n de Naves Industriales<\/a><\/h3>\r\n                                            <p>La construcci\u00f3n de naves industriales es un proceso especializado dentro dela construcci\u00f3n que consiste en dise\u00f1ar, planificar y ejecutar edificaciones degran tama\u00f1o destinadas principalmente a&hellip;<\/p>\n                                                <a href=\"https:\/\/arpetp.com.do\/?page_id=383\" class=\"btn btn-primary\">Leer m\u00e1s<i class=\"fas fa-arrow-right\"><\/i><\/a>\r\n                                                                                    <\/div>\r\n                                    <\/div>\r\n                                <\/div>\r\n                                                            <div class=\"col-lg-4 col-md-4 col-sm-6 col-xs-12 feature-list\">\r\n                                    <div class=\"box\">\r\n                                        <figure>\r\n                                            <a href=\"https:\/\/arpetp.com.do\/?page_id=390\"><img loading=\"lazy\" decoding=\"async\" width=\"350\" height=\"280\" src=\"https:\/\/arpetp.com.do\/wp-content\/uploads\/2019\/04\/architecture-1837150_1280-350x280.jpg\" class=\"attachment-construction-light-medium size-construction-light-medium wp-post-image\" alt=\"\" \/><\/a>\r\n                                        <\/figure>\r\n\r\n                                        <div class=\"bottom-content\">\r\n                                            <h3><a href=\"https:\/\/arpetp.com.do\/?page_id=390\">Construcciones de Estructuras Ligeras<\/a><\/h3>\r\n                                            <p>Construcciones de Estructuras Ligeras se refiere a un tipo de construcci\u00f3ndonde los elementos estructurales principales son relativamente livianos encomparaci\u00f3n con los materiales tradicionales como el&hellip;<\/p>\n                                                <a href=\"https:\/\/arpetp.com.do\/?page_id=390\" class=\"btn btn-primary\">Leer m\u00e1s<i class=\"fas fa-arrow-right\"><\/i><\/a>\r\n                                                                                    <\/div>\r\n                                    <\/div>\r\n                                <\/div>\r\n                                                            <div class=\"col-lg-4 col-md-4 col-sm-6 col-xs-12 feature-list\">\r\n                                    <div class=\"box\">\r\n                                        <figure>\r\n                                            <a href=\"https:\/\/arpetp.com.do\/?page_id=1511\"><img loading=\"lazy\" decoding=\"async\" width=\"350\" height=\"280\" src=\"https:\/\/arpetp.com.do\/wp-content\/uploads\/2025\/05\/calles-urbanizacion-fernandez-2-350x280.jpg\" class=\"attachment-construction-light-medium size-construction-light-medium wp-post-image\" alt=\"\" \/><\/a>\r\n                                        <\/figure>\r\n\r\n                                        <div class=\"bottom-content\">\r\n                                            <h3><a href=\"https:\/\/arpetp.com.do\/?page_id=1511\">Asfaltado de Carreteras, Calles y Parqueos<\/a><\/h3>\r\n                                            <p>El asfaltado es el proceso de recubrimiento de superficies, comocarreteras, calles y parqueos, con una mezcla de materialesbituminosos (asfalto) y \u00e1ridos (grava, arena, piedra triturada).&hellip;<\/p>\n                                                <a href=\"https:\/\/arpetp.com.do\/?page_id=1511\" class=\"btn btn-primary\">Leer m\u00e1s<i class=\"fas fa-arrow-right\"><\/i><\/a>\r\n                                                                                    <\/div>\r\n                                    <\/div>\r\n                                <\/div>\r\n                                                            <div class=\"col-lg-4 col-md-4 col-sm-6 col-xs-12 feature-list\">\r\n                                    <div class=\"box\">\r\n                                        <figure>\r\n                                            <a href=\"https:\/\/arpetp.com.do\/?page_id=1519\"><img loading=\"lazy\" decoding=\"async\" width=\"350\" height=\"280\" src=\"https:\/\/arpetp.com.do\/wp-content\/uploads\/2025\/05\/impermeabilizacion-de-techos-en-cdmx-1024x533-1-350x280.jpg\" class=\"attachment-construction-light-medium size-construction-light-medium wp-post-image\" alt=\"\" \/><\/a>\r\n                                        <\/figure>\r\n\r\n                                        <div class=\"bottom-content\">\r\n                                            <h3><a href=\"https:\/\/arpetp.com.do\/?page_id=1519\">Impermeabilizaci\u00f3n de Techo<\/a><\/h3>\r\n                                            <p>Impermeabilizaci\u00f3n de techo es el proceso de aplicar materiales o sistemasespeciales sobre una superficie de techo para evitar el paso del agua o lahumedad al&hellip;<\/p>\n                                                <a href=\"https:\/\/arpetp.com.do\/?page_id=1519\" class=\"btn btn-primary\">Leer m\u00e1s<i class=\"fas fa-arrow-right\"><\/i><\/a>\r\n                                                                                    <\/div>\r\n                                    <\/div>\r\n                                <\/div>\r\n                                                            <div class=\"col-lg-4 col-md-4 col-sm-6 col-xs-12 feature-list\">\r\n                                    <div class=\"box\">\r\n                                        <figure>\r\n                                            <a href=\"https:\/\/arpetp.com.do\/?page_id=1527\"><img loading=\"lazy\" decoding=\"async\" width=\"350\" height=\"280\" src=\"https:\/\/arpetp.com.do\/wp-content\/uploads\/2025\/05\/WhatsApp-Image-2025-04-28-at-8.53.31-PM-1-350x280.jpeg\" class=\"attachment-construction-light-medium size-construction-light-medium wp-post-image\" alt=\"\" \/><\/a>\r\n                                        <\/figure>\r\n\r\n                                        <div class=\"bottom-content\">\r\n                                            <h3><a href=\"https:\/\/arpetp.com.do\/?page_id=1527\">Terminaciones de Proyectos<\/a><\/h3>\r\n                                            <p>terminaciones de Proyectos se refiere al conjunto de trabajos finales que serealizan en una obra o proyecto (generalmente de construcci\u00f3n o remodelaci\u00f3n)para dejarlo listo para&hellip;<\/p>\n                                                <a href=\"https:\/\/arpetp.com.do\/?page_id=1527\" class=\"btn btn-primary\">Leer m\u00e1s<i class=\"fas fa-arrow-right\"><\/i><\/a>\r\n                                                                                    <\/div>\r\n                                    <\/div>\r\n                                <\/div>\r\n                                                            <div class=\"col-lg-4 col-md-4 col-sm-6 col-xs-12 feature-list\">\r\n                                    <div class=\"box\">\r\n                                        <figure>\r\n                                            <a href=\"https:\/\/arpetp.com.do\/?page_id=1535\"><img loading=\"lazy\" decoding=\"async\" width=\"350\" height=\"280\" src=\"https:\/\/arpetp.com.do\/wp-content\/uploads\/2025\/05\/JC-350x280.jpeg\" class=\"attachment-construction-light-medium size-construction-light-medium wp-post-image\" alt=\"\" \/><\/a>\r\n                                        <\/figure>\r\n\r\n                                        <div class=\"bottom-content\">\r\n                                            <h3><a href=\"https:\/\/arpetp.com.do\/?page_id=1535\">Fachadas y Acabados en Materiales Modernos<\/a><\/h3>\r\n                                            <p>&#8220;Fachadas y Acabados con Materiales Modernos&#8221; se refiere a la aplicaci\u00f3n demateriales innovadores y de \u00faltima generaci\u00f3n en la construcci\u00f3n de lasfachadas de edificios y&hellip;<\/p>\n                                                <a href=\"https:\/\/arpetp.com.do\/?page_id=1535\" class=\"btn btn-primary\">Leer m\u00e1s<i class=\"fas fa-arrow-right\"><\/i><\/a>\r\n                                                                                    <\/div>\r\n                                    <\/div>\r\n                                <\/div>\r\n                                                            <div class=\"col-lg-4 col-md-4 col-sm-6 col-xs-12 feature-list\">\r\n                                    <div class=\"box\">\r\n                                        <figure>\r\n                                            <a href=\"https:\/\/arpetp.com.do\/?page_id=1540\"><img loading=\"lazy\" decoding=\"async\" width=\"350\" height=\"280\" src=\"https:\/\/arpetp.com.do\/wp-content\/uploads\/2025\/05\/WhatsApp-Image-2025-04-28-at-8.53.32-PM-350x280.jpeg\" class=\"attachment-construction-light-medium size-construction-light-medium wp-post-image\" alt=\"\" \/><\/a>\r\n                                        <\/figure>\r\n\r\n                                        <div class=\"bottom-content\">\r\n                                            <h3><a href=\"https:\/\/arpetp.com.do\/?page_id=1540\">P\u00e9rgolas y Palillera<\/a><\/h3>\r\n                                            <p>P\u00e9rgolas: Una p\u00e9rgola es una estructura arquitect\u00f3nica exterior formadapor columnas o pilares que sostienen una serie de vigas horizontales. Lasp\u00e9rgolas se utilizan com\u00fanmente en jardines,&hellip;<\/p>\n                                                <a href=\"https:\/\/arpetp.com.do\/?page_id=1540\" class=\"btn btn-primary\">Leer m\u00e1s<i class=\"fas fa-arrow-right\"><\/i><\/a>\r\n                                                                                    <\/div>\r\n                                    <\/div>\r\n                                <\/div>\r\n                                                            <div class=\"col-lg-4 col-md-4 col-sm-6 col-xs-12 feature-list\">\r\n                                    <div class=\"box\">\r\n                                        <figure>\r\n                                            <a href=\"https:\/\/arpetp.com.do\/?page_id=1544\"><img loading=\"lazy\" decoding=\"async\" width=\"350\" height=\"280\" src=\"https:\/\/arpetp.com.do\/wp-content\/uploads\/2025\/05\/procedimiento-de-pulido-de-pisos-de-marmol-en-Mexico-1024x683-1-350x280.jpg\" class=\"attachment-construction-light-medium size-construction-light-medium wp-post-image\" alt=\"\" \/><\/a>\r\n                                        <\/figure>\r\n\r\n                                        <div class=\"bottom-content\">\r\n                                            <h3><a href=\"https:\/\/arpetp.com.do\/?page_id=1544\">Brillado, Pulido y Tratamiento de Pisos<\/a><\/h3>\r\n                                            <p>El brillado, pulido y tratamiento de pisos son procesos que se utilizan paramejorar la apariencia, durabilidad y funcionalidad de los pisos en distintos tiposde superficies.&hellip;<\/p>\n                                                <a href=\"https:\/\/arpetp.com.do\/?page_id=1544\" class=\"btn btn-primary\">Leer m\u00e1s<i class=\"fas fa-arrow-right\"><\/i><\/a>\r\n                                                                                    <\/div>\r\n                                    <\/div>\r\n                                <\/div>\r\n                                                            <div class=\"col-lg-4 col-md-4 col-sm-6 col-xs-12 feature-list\">\r\n                                    <div class=\"box\">\r\n                                        <figure>\r\n                                            <a href=\"https:\/\/arpetp.com.do\/?page_id=1549\"><img loading=\"lazy\" decoding=\"async\" width=\"350\" height=\"280\" src=\"https:\/\/arpetp.com.do\/wp-content\/uploads\/2025\/05\/5-350x280.jpg\" class=\"attachment-construction-light-medium size-construction-light-medium wp-post-image\" alt=\"\" \/><\/a>\r\n                                        <\/figure>\r\n\r\n                                        <div class=\"bottom-content\">\r\n                                            <h3><a href=\"https:\/\/arpetp.com.do\/?page_id=1549\">Sistemas de Louvers y Madera Sint\u00e9tica<\/a><\/h3>\r\n                                            <p>Sistemas de LouversLos sistemas de louvers (o persianas de lamas) son estructuras que se utilizanprincipalmente para regular el paso de aire y luz en un&hellip;<\/p>\n                                                <a href=\"https:\/\/arpetp.com.do\/?page_id=1549\" class=\"btn btn-primary\">Leer m\u00e1s<i class=\"fas fa-arrow-right\"><\/i><\/a>\r\n                                                                                    <\/div>\r\n                                    <\/div>\r\n                                <\/div>\r\n                                                    <\/div>\r\n                    <\/div>\r\n                <\/section>\r\n            <\/div><\/div><\/div><\/div>\n\n\n<p><\/p>\n","protected":false},"excerpt":{"rendered":"","protected":false},"author":2,"featured_media":200,"parent":0,"menu_order":0,"comment_status":"closed","ping_status":"closed","template":"template-pagebuilder.php","meta":{"_themeisle_gutenberg_block_has_review":false,"footnotes":""},"class_list":["post-556","page","type-page","status-publish","has-post-thumbnail","hentry"],"_links":{"self":[{"href":"https:\/\/arpetp.com.do\/index.php?rest_route=\/wp\/v2\/pages\/556","targetHints":{"allow":["GET"]}}],"collection":[{"href":"https:\/\/arpetp.com.do\/index.php?rest_route=\/wp\/v2\/pages"}],"about":[{"href":"https:\/\/arpetp.com.do\/index.php?rest_route=\/wp\/v2\/types\/page"}],"author":[{"embeddable":true,"href":"https:\/\/arpetp.com.do\/index.php?rest_route=\/wp\/v2\/users\/2"}],"replies":[{"embeddable":true,"href":"https:\/\/arpetp.com.do\/index.php?rest_route=%2Fwp%2Fv2%2Fcomments&post=556"}],"version-history":[{"count":10,"href":"https:\/\/arpetp.com.do\/index.php?rest_route=\/wp\/v2\/pages\/556\/revisions"}],"predecessor-version":[{"id":1556,"href":"https:\/\/arpetp.com.do\/index.php?rest_route=\/wp\/v2\/pages\/556\/revisions\/1556"}],"wp:featuredmedia":[{"embeddable":true,"href":"https:\/\/arpetp.com.do\/index.php?rest_route=\/wp\/v2\/media\/200"}],"wp:attachment":[{"href":"https:\/\/arpetp.com.do\/index.php?rest_route=%2Fwp%2Fv2%2Fmedia&parent=556"}],"curies":[{"name":"wp","href":"https:\/\/api.w.org\/{rel}","templated":true}]}}