{"id":406,"date":"2019-04-19T05:43:22","date_gmt":"2019-04-19T05:43:22","guid":{"rendered":"http:\/\/demo.sparklewpthemes.com\/constructionlight\/?page_id=406"},"modified":"2025-05-02T17:03:09","modified_gmt":"2025-05-02T17:03:09","slug":"road-construction","status":"publish","type":"page","link":"https:\/\/arpetp.com.do\/?page_id=406","title":{"rendered":"Dise\u00f1o 3D y recorrido virtual"},"content":{"rendered":"\n<p><strong>Dise\u00f1o 3D:<\/strong><br>Es el proceso de crear representaciones tridimensionales (ancho, alto y<br>profundidad) de objetos o espacios usando programas de computadora. En el<br>contexto de arquitectura, construcci\u00f3n o interiorismo, se usa para modelar c\u00f3mo<br>se ver\u00e1 un edificio, una habitaci\u00f3n, un mueble, etc., antes de construirlo<br>f\u00edsicamente. Permite ver materiales, texturas, iluminaci\u00f3n y formas con gran<br>realismo.<br><strong>Recorrido Virtual:<\/strong><br>Es una simulaci\u00f3n interactiva que permite &#8220;caminar&#8221; o moverse dentro de un<br>espacio 3D dise\u00f1ado digitalmente. Se genera a partir de los modelos 3D y puede<br>ser un video pregrabado o una experiencia interactiva (como en videojuegos).<br>Los recorridos virtuales son muy \u00fatiles para presentar proyectos a clientes,<br>vender propiedades, o planificar detalles antes de construir.<\/p>\n","protected":false},"excerpt":{"rendered":"<p>Dise\u00f1o 3D:Es el proceso de crear representaciones tridimensionales (ancho, alto yprofundidad) de objetos o espacios usando programas de computadora. En elcontexto de arquitectura, construcci\u00f3n o&hellip;<\/p>\n","protected":false},"author":2,"featured_media":1472,"parent":0,"menu_order":0,"comment_status":"closed","ping_status":"closed","template":"","meta":{"_themeisle_gutenberg_block_has_review":false,"footnotes":""},"class_list":["post-406","page","type-page","status-publish","has-post-thumbnail","hentry"],"_links":{"self":[{"href":"https:\/\/arpetp.com.do\/index.php?rest_route=\/wp\/v2\/pages\/406","targetHints":{"allow":["GET"]}}],"collection":[{"href":"https:\/\/arpetp.com.do\/index.php?rest_route=\/wp\/v2\/pages"}],"about":[{"href":"https:\/\/arpetp.com.do\/index.php?rest_route=\/wp\/v2\/types\/page"}],"author":[{"embeddable":true,"href":"https:\/\/arpetp.com.do\/index.php?rest_route=\/wp\/v2\/users\/2"}],"replies":[{"embeddable":true,"href":"https:\/\/arpetp.com.do\/index.php?rest_route=%2Fwp%2Fv2%2Fcomments&post=406"}],"version-history":[{"count":1,"href":"https:\/\/arpetp.com.do\/index.php?rest_route=\/wp\/v2\/pages\/406\/revisions"}],"predecessor-version":[{"id":1473,"href":"https:\/\/arpetp.com.do\/index.php?rest_route=\/wp\/v2\/pages\/406\/revisions\/1473"}],"wp:featuredmedia":[{"embeddable":true,"href":"https:\/\/arpetp.com.do\/index.php?rest_route=\/wp\/v2\/media\/1472"}],"wp:attachment":[{"href":"https:\/\/arpetp.com.do\/index.php?rest_route=%2Fwp%2Fv2%2Fmedia&parent=406"}],"curies":[{"name":"wp","href":"https:\/\/api.w.org\/{rel}","templated":true}]}}